he prime factors of n?
2
Let h be -2*(-1)/(-4)*-26. Let b = h + -2. List the prime factors of b.
11
Let y = 4 - 2. Let h = -1 + 3. Suppose 0*g + 1 = -y*g + 5*m, h*g = -4*m + 8. List the prime factors of g.
2
Let m = 10 + -4. Suppose -n + 22 = -m. What are the prime factors of n?
2, 7
Let x(b) = 8*b**2 - 1. List the prime factors of x(-2).
31
Suppose 2*b + z = 86, 0 = b - 0*z + z - 41. What are the prime factors of b?
3, 5
Let z = -12 + 15. Suppose -z*f + 2*o + 56 = -44, 0 = -2*f + 5*o + 74. List the prime factors of f.
2
Suppose -28 = -4*r + 48. What are the prime factors of r?
19
Let y be 3*-2*(-7)/14. What are the prime factors of y/(0 + (-1)/(-3))?
3
Suppose -3*x + 5 = -19. Suppose x*c = 3*c. Suppose c*n = -5*u - n + 41, -5*n = -2*u + 11. What are the prime factors of u?
2
Let o = -1 + 46. What are the prime factors of o?
3, 5
Suppose -4*g + 6*s = 3*s + 127, 3*g = 3*s - 93. Let m = -61 - g. Let a = -9 - m. What are the prime factors of a?
2, 3
Let g = -13 - -22. Let x = g + 0. List the prime factors of x.
3
Suppose 20 + 25 = o. List the prime factors of o.
3, 5
Suppose -4*d = 2*o - 4, 12 = -2*d - 4*o + 2. Suppose b - d*g = 3*b + 11, 4*b + 3*g + 13 = 0. What are the prime factors of b/(-3) + (-69)/(-9)?
2
Suppose -4*c + o + 104 = 0, -2*c - 2*o = 16 - 58. List the prime factors of c.
5
Let j = 47 + -21. List the prime factors of j.
2, 13
Suppose 7*h - 9*h = -60. What are the prime factors of h?
2, 3, 5
Suppose 4*t + 18 = 46. List the prime factors of t.
7
Suppose -2*r + 0*r = -4. Let h(w) = -2 + 2*w + w**2 - r*w**2 + 4*w**2 - 2*w**2. List the prime factors of h(2).
2, 3
Let p = 1 - 1. Let x be (p + 4)/((-2)/(-12)). Let b = x + -11. List the prime factors of b.
13
Let n(h) = h**2 + 5. Suppose 9 = w + v, -3*v = 3*w - 2*w - 19. List the prime factors of n(w).
3, 7
Suppose 3*g - 4*g + 4 = 0. Suppose -6 = g*s - 22. What are the prime factors of s?
2
Let c be (-7)/((-14)/76) - 2. Suppose 0*j - c = -4*j. List the prime factors of (j + 5)*(2 + -1).
2, 7
Let p be -20 - (-2)/((-3)/(-3)). Let f = -11 - p. What are the prime factors of f?
7
Suppose -5*t - 2*r = -25, -4*t + 18 = 2*r - 4. Suppose j + t = 4. List the prime factors of (-30)/(-5) + (j - 0).
7
Suppose -15 = -3*i - 6. Suppose 5*j + i*h - 67 + 2 = 0, -2*j - h = -26. What are the prime factors of j?
13
Suppose 0 = 4*f + 12, 4*x + 0*f - 142 = -2*f. List the prime factors of x.
37
List the prime factors of (6*2/6)/((-4)/(-242)).
11
Suppose -18*t = -7*t - 1243. List the prime factors of t.
113
Let v(i) = i**3 + 11*i**2 + 12*i + 15. Let g be v(-10). What are the prime factors of (-2 - (-1)/(-5))*g?
11
Let k = -8 - -11. Suppose -2*a + 14 = w - 4*a, -w - k*a = 1. Let z = 11 - w. List the prime factors of z.
3
Let v(l) = -l**3 + 6*l**2 + 7. Let n be v(6). Suppose a - n - 11 = 0. What are the prime factors of a?
2, 3
Let c = 32 - 8. Let t = c + -15. List the prime factors of t.
3
Let r(v) be the third derivative of -v**4/24 - v**3/3 - 2*v**2. Let c be r(-2). Suppose n - 4 + c = 0. List the prime factors of n.
2
Let o = 0 + 2. Suppose -3*g = -o*g + 18. Let s = 27 + g. List the prime factors of s.
3
Let w = -25 - -262. What are the prime factors of w?
3, 79
Let q(j) = -j**2 - 2*j + 1. Let p be q(-4). What are the prime factors of 2/(-4) + p/(-2)?
3
Suppose -4*a = -a + 30. List the prime factors of (0 - -5)*(-36)/a.
2, 3
Suppose -3 = v - 7. Suppose -4*s + 20 = v*y, 4*s - 31 = -5*y - 5. What are the prime factors of y?
2, 3
Let l = 13 + 139. What are the prime factors of l?
2, 19
Let y(f) = 0*f - 3*f**2 + 10*f - f**2 + 3*f**2 + 11. What are the prime factors of y(9)?
2, 5
Suppose 2*i - 8 = -2*i. Suppose i*g - 20 = -0*g. List the prime factors of g.
2, 5
Suppose -5*y = s + 13, 0*s + 2 = -2*s + 2*y. Let h = s + 6. Suppose -h*l = -l - 24. List the prime factors of l.
2, 3
Let d = -196 + 394. What are the prime factors of d?
2, 3, 11
Suppose -k - 3*m = 2*m - 118, 0 = 2*k - 5*m - 221. Suppose h = 4*s - k, -3*s + 23 = -2*h - 58. What are the prime factors of s?
29
Let x = -81 - -122. What are the prime factors of x?
41
Suppose 0 = -4*f + 2*f + 16. What are the prime factors of f?
2
Suppose 4*y = -0*y + 16. Suppose 4*d - 30 = -2*r, y*d - 3 = 4*r + 21. Suppose 2*x + 45 = d*x. What are the prime factors of x?
3
Let b(x) = -14*x - 1. Let k be b(1). Let s = k - -21. List the prime factors of s.
2, 3
Let j = 34 - 4. What are the prime factors of j?
2, 3, 5
Let g(t) = 3*t**3 - 4*t**2 + 3*t - 2. What are the prime factors of g(3)?
2, 13
Let c be (-6 - -7)*(1 + -1). Let k(w) = -w - w**2 - 3*w + 3*w + 12. What are the prime factors of k(c)?
2, 3
Let c(i) be the second derivative of i**4/12 + 7*i**3/6 + 5*i**2/2 - 2*i. Let m be c(-7). Suppose 0 = -m*r + 25. List the prime factors of r.
5
Let s(p) = -p**2 + 13*p - 10. Let t be s(10). Let m(c) = c**2 - 7*c + 4. Let i be m(4). Let h = i + t. What are the prime factors of h?
2, 3
Let y(a) = 12*a - 1. Let l = -2 + 1. Let k be y(l). Let n = k - -28. List the prime factors of n.
3, 5
Suppose -2*l = 5*r + 2, 2*r = 3*l - 4*l. Suppose -3*v - l*d + 56 = 0, -2*d - 3*d - 6 = -v. List the prime factors of v.
2
Let d(i) = 7*i**2 - 4*i + 1. List the prime factors of d(3).
2, 13
Let x(f) = f**2 - 3*f + 5. List the prime factors of x(7).
3, 11
Suppose 248 = 5*v - v. List the prime factors of v.
2, 31
Let n = 27 - 3. Suppose -7*h + 3*h + n = 0. What are the prime factors of h?
2, 3
Let a(j) = -9*j - 3. Suppose 7 = 2*x - 5*w, w + w + 2 = 0. Suppose -5*q - 4*k = -k + x, -4*q - 11 = -k. What are the prime factors of a(q)?
3, 5
Let m = 6 - 3. Let j(c) = -3 + 2*c - 3*c**3 + 2*c**m + 6*c**2 + 4. List the prime factors of j(6).
13
Let l = 5 - 10. What are the prime factors of -8 - l - (2 - 28)?
23
List the prime factors of (-182)/(-15) + 30/(-225).
2, 3
Let n(w) = w**2 - 12*w + 40. What are the prime factors of n(16)?
2, 13
Suppose -2*f + 126 = -0*f + 4*s, -s = 5*f - 315. What are the prime factors of f?
3, 7
Suppose -3*m + 350 = 2*m. What are the prime factors of m?
2, 5, 7
Let m(h) = -h**3 + 8*h**2 + 2*h - 14. Let t be m(8). List the prime factors of (-1 - (14 + t))/(-1).
17
Let u be 1/((-33)/(-30) - 1). Suppose 5*v + m = 135, -5*m + 135 = 5*v - u*m. List the prime factors of v.
3
Let a(s) = s**2 - 4 + 0*s**2 + 6 - 7*s + 2. List the prime factors of a(7).
2
Suppose 0 = -2*u - u + 45. Suppose -4*o + 9*o = 4*f + 30, -3*o + 3*f + u = 0. What are the prime factors of o?
2, 5
Let t(x) = x**2 + 2*x + 4. Let h be t(-5). Suppose -k = -0*k - h. List the prime factors of k.
19
Let p = -36 + 46. What are the prime factors of p?
2, 5
Let l(b) be the first derivative of -1/2*b**2 - 4/3*b**3 - 1/4*b**4 + 4 + 3*b. What are the prime factors of l(-4)?
7
What are the prime factors of 219 + -2 - (-5 + (0 - -6))?
2, 3
Let b(i) = -i**2 - 10*i - 11. Let m be b(-8). Suppose -4*y + 102 = o, 131 = m*y + 4*o - o. What are the prime factors of y?
5
Suppose -44 = -4*f - 4*q, -f - 5*q = -0*f - 31. List the prime factors of f.
2, 3
Let j(v) = -v**2 + 9*v - 8. Let o be j(9). Let w = 3 - o. What are the prime factors of w?
11
Suppose 11 = v - 1. Let n be (-1 + 1)*(-1 + 2). Suppose -4*l + 2*x + v = n, -x = -6*l + 2*l + 16. What are the prime factors of l?
5
Let k(p) = 25*p**2 + 5*p + 3. List the prime factors of k(-2).
3, 31
Let b be (0/(3*-1))/1. Let n(r) = b + 2*r**2 + 2 + 3*r - 3. List the prime factors of n(-3).
2
Suppose 5*q - 59 = -c, -41 + 0 = -3*q + 5*c. List the prime factors of q.
2, 3
Suppose 2*n + 23 + 29 = 4*l, l = 4*n + 20. What are the prime factors of l?
2, 3
Let s = -63 + 88. Let m = -18 + s. List the prime factors of m.
7
What are the prime factors of 6 + -3 - (2 - 27)?
2, 7
Let w = -3 + 6. List the prime factors of -42*(-1 + 2/w).
2, 7
Let q = 11 + -1. Let g be 2/(-1)*(-2 + 3). What are the prime factors of g/(((-12)/q)/3)?
5
Suppose -3*n = -n - 4*v + 16, -4*v = -5*n - 16. Suppose n = -4*i + o + 4*o - 535, -2*i = 5*o + 245. What are the prime factors of i/(-35) - 2/(-7)?
2
Let r = -168 - -78. Let v = -56 - r. List the prime factors of v.
2, 17
Suppose 90 = 2*q - 2*m, -2*m + 46 = q + 1. List the prime factors of q.
3, 5
Let t = -5 + 12. What are the prime factors of -4 + 0 + (36 - t)?
5
Let o(c) = 11*c**2 - 3*c + 2. What are the prime factors of o(3)?
2, 23
Let z(k) = -9*k - 12. List the prime factors of z(